2 + 49*a + 3. Give b(-8).
-5
Let r(k) = 4*k**3 + 3*k**2 - 4*k - 6. Give r(-2).
-18
Let p(w) = w**2 + 7*w + 3. Give p(-7).
3
Let y(x) = -x**3 + 7*x**2 + 11*x - 19. Give y(8).
5
Let s(w) = -2*w**2 + 5*w - 5. Calculate s(2).
-3
Let n(l) = -l - 30. Determine n(-30).
0
Let o(g) = -8*g + 160. Calculate o(20).
0
Let d(i) = -i**3 - i**2 + 8*i - 14. Calculate d(2).
-10
Let z(y) = -y**2 - 11*y + 174. Determine z(9).
-6
Let x(k) = -k**2 + 25*k + 55. Give x(27).
1
Let j(v) = v**3 - 7*v**2 - 3*v - 8. What is j(8)?
32
Let o(g) = g**3 + 16*g**2 + 30*g + 12. Determine o(-14).
-16
Let s(w) = 8*w**2 - w + 1. Calculate s(2).
31
Let u(g) = g**2 + g + 19. Calculate u(0).
19
Let o(h) = -3*h**2 - 3*h - 1. Calculate o(-1).
-1
Let l(b) = -b**2 - 8*b + 57. Calculate l(-10).
37
Let k(d) = d**3 - 5*d**2 - 8*d - 16. Calculate k(7).
26
Let s(r) = -r**3 - 10*r**2 - 9*r. Give s(-9).
0
Let f(j) = -j**2 + 12*j - 23. Determine f(11).
-12
Let a(g) = -4*g**2 - 14*g - 12. Give a(-1).
-2
Let f(v) = -2*v + 3. Calculate f(-10).
23
Let s(p) = -28*p + 168. Calculate s(6).
0
Let s(a) = a**3 - 10*a**2 + 6*a + 19. Calculate s(9).
-8
Let b(j) = j**3 + 7*j**2 + 2*j + 13. Determine b(-7).
-1
Let z(c) = -c**2 + 15*c - 6. Calculate z(15).
-6
Let h(n) = -n**3 - 9*n**2 - 2*n - 11. Give h(-9).
7
Let c(p) = 25*p - 62. Give c(6).
88
Let r(x) = 2*x**3 - 3*x**2 - 3*x + 1. Give r(3).
19
Let j(b) = 50*b**2 - 4*b - 2. Calculate j(2).
190
Let v(i) = 3*i**2 - 58*i - 30. Give v(20).
10
Let t(o) = o**3 + 7*o**2 - o - 4. Calculate t(-7).
3
Let q(m) = -2*m**3 - 23*m**2 + 15*m + 28. Determine q(-12).
-8
Let n(d) = 2*d + 14. Calculate n(-9).
-4
Let i(t) = t**2 - 17*t + 17. Determine i(17).
17
Let h(s) = -5*s**2 + 1. Give h(1).
-4
Let u(v) = -3*v + 2. Give u(3).
-7
Let q(u) = -u**2 + 4*u - 5. Give q(4).
-5
Let x(f) = -6*f + 6. Give x(3).
-12
Let g(f) = f**3 - 4*f**2 - f + 15. What is g(4)?
11
Let l(f) = -8*f - 11. Give l(-2).
5
Let j(a) = 5*a - 3. Determine j(3).
12
Let g(s) = -s**3 + 14*s**2 - 12*s - 8. Determine g(13).
5
Let t(j) = j + 21. Calculate t(-14).
7
Let w(l) = -l - 20. What is w(-12)?
-8
Let n(i) = i**3 + 13*i**2 + 11*i - 6. What is n(-12)?
6
Let k(o) = -o**3 + 4*o**2 - 10. Calculate k(3).
-1
Let r(x) = 51*x - 7. Calculate r(-1).
-58
Let y(r) = r**3 + 11*r**2 + 7*r. Give y(-5).
115
Let g(f) = -f**2 + 13*f + 64. Determine g(17).
-4
Let x(k) = -k**3 - 9*k**2 - 6*k. What is x(-8)?
-16
Let n(s) = -5*s**2 - 31*s + 61. Calculate n(-8).
-11
Let x(w) = w**3 + 8*w**2 - 11*w - 10. Determine x(-9).
8
Let x(g) = -137*g**3 - g**2 + g + 1. Calculate x(1).
-136
Let p(m) = -7*m + 5. Determine p(3).
-16
Let c(p) = -2*p**2 + 4*p - 4. Calculate c(2).
-4
Let y(l) = -4*l**2 - 16*l - 8. What is y(-4)?
-8
Let m(f) = -f**2 + 49*f + 461. Determine m(57).
5
Let y(m) = m**2 - 16*m + 63. Give y(8).
-1
Let x(y) = -y**3 + 16*y**2 - 14*y + 17. What is x(15)?
32
Let l(y) = y**2 - 2*y - 20. What is l(-5)?
15
Let q(r) = -r**3 + 52*r**2 + 58*r - 245. What is q(53)?
20
Let i(d) = -d**2 + 6*d + 29. Calculate i(9).
2
Let t(a) = -2*a - 18. Calculate t(-18).
18
Let v(p) = -p**3 - 7*p**2 + 17*p - 12. Determine v(-9).
-3
Let k(p) = -p**2 - 10*p - 19. Give k(-6).
5
Let x(u) = -2*u**3 - 42*u**2 - 42*u - 30. What is x(-20)?
10
Let j(f) = -2*f**3 + 6*f**2 - 5*f + 1. Calculate j(3).
-14
Let v(q) = 5*q + 1. Give v(1).
6
Let o(k) = -33*k - 3. Give o(-4).
129
Let w(q) = -q - 3. Determine w(-7).
4
Let g(m) = m**3 + m**2 + m + 2. What is g(-3)?
-19
Let h(l) = l**2 - 2*l - 5. Give h(-5).
30
Let k(q) = q**3 + q**2 - 9*q - 24. Determine k(-4).
-36
Let g(j) = 2*j**2 - 2*j + 4. Determine g(2).
8
Let c(q) = -q**3 - 10*q**2 - 7*q - 8. Calculate c(-10).
62
Let g(v) = v**2 + 10*v + 6. Give g(-5).
-19
Let n(p) = 9*p**3 - 4*p - 2. Determine n(-2).
-66
Let w(i) = 11*i + 190. What is w(-17)?
3
Let a(u) = -u**2 + 23*u - 23. Calculate a(16).
89
Let y(a) = a**2 - 6*a - 13. Calculate y(9).
14
Let c(o) = o**3 - 10*o**2 + 10*o - 10. What is c(9)?
-1
Let j(k) = -k**3 - k**2 + k + 4. What is j(-2)?
6
Let r(b) = -b**3 - 17*b**2 - 34*b + 112. Determine r(-14).
0
Let n(x) = -x**2 - 2*x + 18. What is n(3)?
3
Let c(p) = 2*p. What is c(-5)?
-10
Let a(b) = -9*b + 173. Determine a(19).
2
Let g(d) = d**3 + 16*d**2 - 36*d - 1. Give g(-18).
-1
Let y(t) = t**3 - 10*t**2 - 9*t - 20. What is y(11)?
2
Let g(f) = f**3 + 8*f**2 + 10*f + 2. Determine g(-7).
-19
Let u(q) = -q**2 - 13*q - 6. What is u(-5)?
34
Let k(j) = 2*j - 11. Calculate k(-6).
-23
Let m(p) = 7*p + 163. Determine m(-23).
2
Let d(f) = 2*f**3 - 3*f**2 - 5*f + 6. Determine d(3).
18
Let c(i) = -2*i - 1. Give c(9).
-19
Let z(w) = -w**3 + 7*w**2 + 6*w - 7. Calculate z(8).
-23
Let i(v) = v**3 - 3*v**2 - 2*v - 2. What is i(4)?
6
Let h(n) = n**3 - 4*n**2 - 11*n + 1. Determine h(0).
1
Let v(p) = p**2 - 16*p + 6. Determine v(16).
6
Let v(h) = -h**3 + 29*h**2 + 27*h + 88. Determine v(30).
-2
Let w(l) = -3*l**2 - 6*l + 4. What is w(1)?
-5
Let i(h) = 8*h**2 - 5*h - 20. Calculate i(4).
88
Let a(f) = 15*f - 18. Give a(3).
27
Let g(i) = i**2 - 16*i - 34. What is g(18)?
2
Let g(u) = 4*u**2 - 135*u - 25. Calculate g(34).
9
Let p(t) = -t**3 + 11*t**2 + 7*t + 14. Calculate p(12).
-46
Let h(x) = 2*x - 47. Determine h(22).
-3
Let b(c) = c**3 + 16*c**2 + 2*c + 22. Calculate b(-16).
-10
Let m(x) = -x**3 - 17*x**2 - 20*x - 60. Give m(-16).
4
Let k(g) = -g**2 - 11*g - 16. Determine k(-6).
14
Let l(n) = 4*n**2 - n - 4. Determine l(-3).
35
Let b(i) = i**3 - 5*i**2 - 24*i + 1. Determine b(8).
1
Let l(f) = -f**3 + 13*f**2 + 17*f - 45. Give l(14).
-3
Let m(j) = j**3 + 12*j**2 - 13*j - 15. Determine m(-13).
-15
Let p(t) = -t**3 + 11*t**2 + 12*t + 1. What is p(12)?
1
Let l(x) = 5*x + 1. What is l(-3)?
-14
Let o(m) = -m**2 + 15*m - 40. What is o(5)?
10
Let h(b) = -6*b - 86. What is h(-18)?
22
Let s(q) = 107*q - 848. Determine s(8).
8
Let s(t) = -9*t**3 + t. What is s(1)?
-8
Let f(n) = n**3 + 17*n**2 - 17*n + 23. Determine f(-18).
5
Let z(k) = -k**2 + 12*k - 15. Calculate z(11).
-4
Let y(s) = 3*s**2 + 17*s + 4. Calculate y(-6).
10
Let u(z) = z**3 + 13*z**2 - 11*z + 33. What is u(-14)?
-9
Let h(t) = -17*t + 275. Give h(16).
3
Let w(s) = -2*s - 49. Calculate w(-9).
-31
Let l(u) = u - 20. What is l(25)?
5
Let w(f) = 5*f + 113. Determine w(-23).
-2
Let h(y) = -y - 10. What is h(-6)?
-4
Let x(z) = z**2 - 7*z + 28. Calculate x(8).
36
Let f(p) = -12*p - 12. Determine f(-1).
0
Let i(n) = n**2 + 7*n + 3. What is i(-6)?
-3
Let d(l) = l**3 + 3*l**2 - l + 5. Calculate d(3).
56
Let k(p) = -p**3 - 5*p**2 - 9*p - 7. Calculate k(-5).
38
Let x(t) = -2*t + 1. Determine x(2).
-3
Let h(m) = m**3 + 9*m**2 - 8*m + 1. Determine h(-8).
129
Let x(v) = v**2 - 7*v + 2. What is x(5)?
-8
Let a(l) = l**3 + 9*l**2 - 12*l - 5. What is a(-10)?
15
Let t(v) = -3*v - 45. Determine t(-7).
-24
Let r(n) = n**2 - 8*n + 16. Calculate r(7).
9
Let d(c) = 4*c + 86. What is d(-24)?
-10
Let g(u) = u**2 - 24*u + 25. Calculate g(21).
-38
Let z(n) = n**3 - n**2 - 36. Calculate z(0).
-36
Let i(v) = v**3 + 21*v**2 - 24*v - 41. Calculate i(-22).
3
Let q(d) = -d**2 + d + 17. Calculate q(0).
17
Let a(r) = -r**3 + 5*r**2 + 4*r - 1. What is a(5)?
19
Let p(a) = -6*a - 15. Calculate p(-7).
27
Let i(u) = -17*u - 97. Give i(-6).
5
Let t(f) = -f**2 + 15*f + 7. Determine t(5).
57
Let b(o) = o**3 + 11*o**2 + 6*o + 3. Determine b(-10).
43
Let t(m) = -4*m**3 + 3*m**2 - 2*m - 2. Give t(2).
-26
Let s(t) = -t**3 + 3*t**2 - 4*t. Give s(4).
-32
Let z(j) = j**3 - 7*j**2 + 6*j + 13. Calculate z(5).
-7
Let u(b) = 2*b**2 + 6*b. What is u(-5)?
20
Let c(b) = b**2 - 3*b - 23. Determine c(14).
131
Let u(z) = -11*z - 298. Give u(-28).
10
Let l(p) = -p**2 - p - 5. Calculate l(6).
-47
Let a(k) = 3*k**2 + 4*k + 4. Calculate a(-2).
8
Let v(k) = -4*k + 4. Calculate v(-7).
32
Let n(b) = b**3 - 22*b**2 - b + 27. Give n(22).
5
Let c(r) = -4*r + 22. Determine c(-8).
54
Let y(r) = -r**2 - 6*r + 4. What is y(-7)?
-3
Let v(p) = -3*p + 30. Calculate v(8).
6
Let r(g) = 2*g**3 - g**2 - 8*g - 2. Determine r(-3).
-41
Let c(p) = p**3 + 23*p**2 - 20. Give c(-23).
-20
Let t(c) = -5*c**2 + 2*c. Give t(2).
-16
Let b(w) = w**2 - 10*w - 45. Give b(-4).
11
Let y(w) = -w**3 - 13*w**2 + 11*w + 8. Give y(-14).
50
Let u(s) = -s**2 + 6*s + 6. Calculate u(11).
-49
Let f(i) = -5*i - 2. Determine f(2).
-12
Let t(c) = c**2 + 4*c - 56. Give t(-14).
84
Let o(k) = -k